alue of 4 - (10 - -5 - 11) - (7 - 0)?
-7
What is (1 - 1) + -393 + 402?
9
Evaluate -1 + (12 - 5 - -1).
7
Evaluate 19 - -57 - 37 - 13.
26
What is 14 + (13 - (37 - 11))?
1
What is the value of 3 + -11 - (17 - (12 - (-7 + 15)))?
-21
-3 + (2 + 6 - 2) + -17 + -1
-15
What is the value of 1 + 30 - (288 - 268)?
11
-1 + 2 + 4 + 289 + -304 - 5
-15
What is the value of (-443 - -437) + (-8 - -2)?
-12
What is the value of -2 + 16 + -11 + 2 + 8?
13
What is 5 + -1 + (-16 - (-19 - -4))?
3
What is -10 - (-3 + (-3 - 3)) - (-2 - 7)?
8
Evaluate -1 + -2 + (-23 - -14) + 26.
14
Calculate -18 + (-17 - -30) + 17.
12
-4 + 3 + 6 - (-9 + (1 - -1))
12
What is the value of -62 + 64 + -39 - -72?
35
Evaluate -143 + 169 - (12 - -1) - -2.
15
(16 - (14 + -1)) + -9
-6
What is 14 + (-9 - -15) + -14?
6
What is the value of -8 + (-2 - 0) - (-27 + 6 + 17)?
-6
Calculate (-14 - (-2 + -7 + 4 + 3)) + 7.
-5
(16 - 21) + -5 + -1
-11
5 - (2 + -7 - -4) - (-1 - -7)
0
Calculate -13 + 50 - (4 - -11).
22
What is the value of (7 - 5) + (14 - -1)?
17
-13 - (10 + (-18 - -5))
-10
What is -3 + 2 + 17 + -9 - -1?
8
Calculate 2 + (6 - 9) - -5 - -4 - 9.
-1
Evaluate (0 - -2) + (-19 + (12 - 4) - -19).
10
Evaluate 12 + -21 - -16 - -8.
15
9 + 2 + 1 - (-1 + 2 - -5)
6
Calculate (-10 - -1) + (13 - (-6 + -16 + 5)).
21
Calculate -12 - (7 + 4 + (-15 - -13)).
-21
(-9 - (-25 - -6)) + -8
2
Evaluate (-13 + 4 - -12) + (15 - 29).
-11
What is -1 + 3 + -2 - -3 - 4?
-1
Calculate 11 + 8 + -12 - (2 + 14).
-9
What is the value of -22 + 15 + (-3 - -1)?
-9
What is the value of 6 + (-59 - -26) + 26?
-1
Calculate -71 + 80 + -3 + 1.
7
What is -4 + (-13 - -10) + 7 + -1?
-1
-154 + 142 - (-6 - (-1 + 0))
-7
Calculate 21 - 3 - (2 - (-26 - -38)).
28
What is the value of 57 + (-23 - 24) + -21?
-11
Calculate 2 - (17 + (-1 - (8 + -10)) + -3).
-13
Calculate -1 - (-20 + -3) - 52.
-30
Evaluate (-12 + 12 - (6 - 2)) + -28.
-32
(-13 - (-32 - -5)) + -8
6
3 + (-21 - -9) + (-10 - -32)
13
What is 7 - (2 - 3) - 2 - 16?
-10
(0 - -40) + 11 + (-8 - 10)
33
What is the value of 18 - (-1 - 0) - (11 - (-4 + 13))?
17
What is the value of 22 + 1 + (1181 - 1205)?
-1
Calculate 17 - -7 - (12 - -15).
-3
What is 2 + 7 - (-11 - -23) - -21 - -12?
30
What is the value of 10 + (-12 - -5) + -15 - (-6 + -1)?
-5
What is 3 + 22 - (129 - 97)?
-7
-9 - ((32 - 12 - 11) + -37 + -3)
22
(11 + -1 - 12) + 8
6
What is the value of 5 - (9 - (1 - 0)) - 6 - -2?
-7
What is 8 + 1 + (3 - -16 - -5) + -15?
18
What is 49 - 28 - -9 - 10?
20
Calculate 6 - (4 - (1 + -1) - -3).
-1
What is the value of 0 + -3 + (27 - 19) - 14?
-9
Evaluate -9 + 1 + 1 + 14.
7
-9 + (9 - -13 - 4)
9
What is -22 + (-11 - 1) + (36 - 29)?
-27
Evaluate -11 + (-15 + 30 + -1 - -11).
14
What is (-1 - (-4 - 6)) + -6?
3
-1 - (1 - -1) - (258 - 261) - 8
-8
What is the value of (1 - 1) + -143 + 137 - -21?
15
Calculate -24 + -29 - -13 - (-17 + 0).
-23
Calculate -7 + 0 + 7 + 56 + -76.
-20
Evaluate 30 - (6 + 16 + 10).
-2
(9 - -2) + (-41 - (15 + -21))
-24
Calculate -1 + 7 - ((4 - 2) + (72 - 80)).
12
What is the value of 4 + (-3 - (0 + 8 + -15 - -1))?
7
Evaluate -25 + 0 - (-12 + (2 - (-17 + 9))).
-23
Evaluate (5 - 20) + (-15 - -21).
-9
(-3 - (14 + -23)) + -13 - -3
-4
What is -4 + 7 + (15 - 26) + 7 + -1?
-2
10 - (2 - 0) - (76 - 71)
3
What is 7 + (-2 - 1) - (1 - (-1 + -1))?
1
52 + -66 - (-1 - 0 - 7)
-6
Evaluate (14 - 15) + -2 + -6.
-9
Evaluate 25 - (-5 + 19) - (4 - (6 - -3)).
16
Calculate -2 + -1 - (4 - (14 + -5 + -5)).
-3
Evaluate 13 + (-13 - -3 - -15 - -2).
20
Evaluate (7 - 5) + -4 + 13.
11
What is the value of (-62 - -58) + (3 - -2)?
1
What is 6 + (6 - 0) - (-7 + 4)?
15
What is the value of -16 - -1 - (13 + (-44 - -30))?
-14
Calculate 5 + -4 - (-2 - (-7 - 10)).
-14
What is the value of 3119 + -3140 + 18 + (0 - 2)?
-5
-1 + -3 + 13 + -8 + -3 + 2
0
What is the value of -12 + (2 - (6 + (-12 + 5 - 4)))?
-5
What is the value of (-13 - (-23 - 19)) + -25?
4
Calculate (0 - -32) + -30 - (41 + -2 + 0).
-37
-9 - (-17 + (20 - 9))
-3
Evaluate -15 - ((-18 - (18 + -29)) + 12 + -4).
-16
What is the value of 1 + (7 - (6 - -2)) + 2 + 3?
5
17 + (1 - 13) - (3 - -9)
-7
What is the value of 1 - -20 - (786 + -799)?
34
2 + 16 + (224 - 260)
-18
What is the value of (11 - (-47 - -37)) + (2 - 1 - 5)?
17
Evaluate (8 - -1) + -10 - (2 - (-4 - -8)).
1
Evaluate 19 + -6 - (2 - 1).
12
Calculate 18 + -22 + 11 - 7.
0
Calculate -5 + -4 + 6 - (0 + -3 + 11).
-11
What is -1 - (-1 + 6 + -9 + 11) - 7?
-15
Calculate 9 + -3 + (7 - 11) + 7 + 0.
9
What is the value of 1 - 3 - (15 + 5 + -23 + 10)?
-9
Evaluate -32 + (5 - 4) + (-4 + 0 - -15).
-20
Evaluate 27 - -2 - (213 - 180).
-4
Evaluate -11 + (2 + -5 - (29 + -44)).
1
What is 19 + (-34 + 73 - 38)?
20
5 - (7 + -10) - 6 - (3 + 37)
-38
What is 16 - -3 - (-80 - -115)?
-16
What is the value of (6 - 8 - 0) + 37 + -14?
21
What is the value of (524 - 548) + (-1 - -8)?
-17
Calculate 49 - (6 + 31) - (2 - (0 - -1)).
11
Evaluate (2 - -11) + -13 + 0 + 3.
3
What is (6 - 0) + -2 + (25 - (-2 + 17))?
14
What is -10 + -1 + 0 - (-4 - (0 - 11))?
-18
Evaluate -5 - (3 + -9 + (5 - 2)).
-2
Calculate -109 + 108 + 10 + -1 + -15 + -2.
-9
What is the value of (5 + -2 - 3 - -1) + 9?
10
Evaluate (-2 - (11 + -12)) + 7 + -6 + 16.
16
Evaluate -89 - -89 - (-2 - -27) - -10.
-15
2 + 9 + (-11 - (-2 + -5))
7
What is the value of -8 - (5 + -2 + -5 - 20)?
14
1078 - 1067 - (-2 + 1 + (1 - 2))
13
What is the value of (-4 - (-25 + 17 + -4)) + 17?
25
Calculate 12 + (21 - 19) + (2 - 29).
-13
17 + 4 - (6 + -2 - (-7 + 3))
13
What is 4 + -14 - (-26 - -26)?
-10
Calculate -8 + 15 - 14 - (0 + 3 - 5).
-5
Calculate 11 - (3 + 3 + 2 + (-269 - -273)).
-1
Calculate (3 - 13) + 10 + -1 + 2.
1
What is -9 - ((18 - 11) + 13 + -8)?
-21
Calculate 0 + -5 - (6 - (-1 + 5)).
-7
Evaluate (-2 - 27 - (8 + -17)) + 8 + -2.
-14
What is the value of (-1 + 2 - 1) + -1 + (103 - 103)?
-1
Evaluate (-5 - (-1 + 3) - (-16 + -5)) + 8.
22
Evaluate (1 - 3) + (-31 - -37) + -14.
-10
What is (9 - (0 - -1)) + -7?
1
What is the value of 39 - (21 - 25 - -6)?
37
Calculate (10 + -2 - 0) + (285 - 289).
4
What is the value of (4 - (-15 - -20)) + -1 + 8?
6
What is the value of (54 - 30 - 44) + 39?
19
Calculate -29 + -11 + 43 + -27.
-24
What is -3 - ((10 - 2) + -12 + 3)?
-2
Evaluate -1 + (-6 - 2) - (130 - 133) - 4.
-10
What is 0 - 9 - (-19 - (21 - 41))?
-10
Evaluate 1 + 0 + -5 + -6 - -7.
-3
What is the value of -16 - -4 - (-19 - -18)?
-11
Calculate (9 - (-31 + 41)) + (3 - -1) + 2.
5
What is (-4 - (3 - 21)) + -14?
0
7 - (34 + -10) - -27
10
Calculate 1 - (5 - 4) - ((-2 - -10) + -4).
-4
What is the value of 14 + (-39 - (9 - 15))?
-19
(-140 - -170) + 8 + -17
21
What is (20 - 7) + -59 + 26?
-20
What is the value of (-611 - -624) + (-1 + 0 - 1)?
11
What is the value of 8 + (-5 - 17) - -6?
-8
(-3 - -3) + -3 + -7 + -62 + 107
35
(1 + -7 - -2) + -3 - (6 + 2)
-15
What is -16 - (-5 + 21) - -18?
-14
What is the value of (2 + -2 - -2) + (-3 - (4 + -2))?
-3
What is 31 + 14 + -33 + 24?
36
10 - (-100 + 89 + (14 - 0))
7
What is the value of (3 - (-3 + 5)) + -5 - (52 - 59)?
3
What is 31 - (82 - (-23 - -46))?
-28
Evaluate (-40 - -11) + (19 - -1).
-9
What is the value of (-4 + 6 - (21 + -10)) + 0 + 4?
-5
Calculate -24 + 9 + (2 - (1 + -4)).
-10
Calculate -1 - 9 - (-196 + 178).
8
What is the value of 5 - 11 - (-9 + 1 + -17)?
19
Evaluate 1 + (-1 - (0 + 2)) - (2899 + -2925).
24
Calculate (51 - 2) + 1313 + -1333.
29
What is the value of 5 + (24 + -43 - -13)?
-1
14 + -29 - (-1 - 1)
-13
-11 - (-1 + 6) - (-115 - -116)
-17
-5 - (16 + -20 - -7)
-8
Evaluate -7 + 26 + (45 - 53).
11
What is -2 + (-2 - (-6 - (-1 + -6 - -4)))?
-1
Evaluate 15 + (0 - -12 - (-151 - -167)).
11
Calculate -1 + (6 - 2) + 26 + -31 + 11.
9
What is the value of 9 + -1 - ((213 - 214) + (0 - -7))?
2
Evaluate -36 - (-22 - (-9 - -8)).
-15
What is the value of 2 + (1 - -1 - (14 + -20))?
10
What is the value of 9 - (11 + 1 + 1) - (-3 + -2)?
1
-4 + -2 - (0 - -2 - 1)
-7
What is (-2 - 17) + (153 + -149 - (-3 + 1))?
-13
Evaluate 24 - (36 + (21 - 29)).
-4
What is 1 + -6 + (2 - 1) - (8 - 13)?
1
Evaluate -5 - (-26 - -17 - (-4 - -4)).
4
What is 12 + (-3 - -25) + -39?
-5
-1 + -1 + -2 + -5561 + 5551
-14
Calculate 639 - 622 - (-3 - 15).
35
Evaluate 6 + (2 - 1 - 18).
-11
What is the value of 53 + -120 + (41 - 1)?
-27
Evaluate 3 + 2 + (-181 - -182) + -4.
2
37 + -44 + 9 - 17
-15
Evaluate (25 - (21 - 16)